{"id":891,"date":"2024-04-12T10:34:42","date_gmt":"2024-04-12T10:34:42","guid":{"rendered":"http:\/\/esimerkki.latodesign.fi\/wordpress\/?page_id=891"},"modified":"2024-04-15T00:12:00","modified_gmt":"2024-04-15T00:12:00","slug":"kerrostaloremontointihelsinki","status":"publish","type":"page","link":"http:\/\/esimerkki.latodesign.fi\/wordpress\/kerrostaloremontointihelsinki\/","title":{"rendered":"kerrostaloremontointihelsinki"},"content":{"rendered":"<style>.kb-row-layout-wrap.wp-block-kadence-rowlayout.kb-row-layout-id891_18a77f-6d{margin-top:0px;margin-bottom:0px;}.kb-row-layout-id891_18a77f-6d > .kt-row-column-wrap{align-content:center;}:where(.kb-row-layout-id891_18a77f-6d > .kt-row-column-wrap) > .wp-block-kadence-column{justify-content:center;}.kb-row-layout-id891_18a77f-6d > .kt-row-column-wrap{column-gap:var(--global-kb-gap-lg, 4rem);row-gap:var(--global-kb-gap-md, 2rem);padding-top:var(--global-kb-spacing-xl, 4rem);padding-right:var(--global-kb-spacing-lg, 3rem);padding-left:var(--global-kb-spacing-lg, 3rem);grid-template-columns:repeat(2, minmax(0, 1fr));}.kb-row-layout-id891_18a77f-6d > .kt-row-layout-overlay{opacity:0.30;}@media all and (max-width: 1024px){.kb-row-layout-id891_18a77f-6d > .kt-row-column-wrap{padding-right:0px;padding-left:0px;grid-template-columns:minmax(0, 1fr);}}@media all and (max-width: 767px){.kb-row-layout-id891_18a77f-6d > .kt-row-column-wrap{padding-top:var(--global-kb-spacing-xs, 1rem);grid-template-columns:minmax(0, 1fr);}}<\/style><div class=\"kb-row-layout-wrap kb-row-layout-id891_18a77f-6d alignfull has-theme-palette9-background-color kt-row-has-bg wp-block-kadence-rowlayout\"><div class=\"kt-row-column-wrap kt-has-2-columns kt-row-layout-equal kt-tab-layout-row kt-mobile-layout-row kt-row-valign-middle\">\n<style>.kadence-column891_78d5a9-95 > .kt-inside-inner-col,.kadence-column891_78d5a9-95 > .kt-inside-inner-col:before{border-top-left-radius:0px;border-top-right-radius:0px;border-bottom-right-radius:0px;border-bottom-left-radius:0px;}.kadence-column891_78d5a9-95 > .kt-inside-inner-col{column-gap:var(--global-kb-gap-sm, 1rem);}.kadence-column891_78d5a9-95 > .kt-inside-inner-col{flex-direction:column;}.kadence-column891_78d5a9-95 > .kt-inside-inner-col > .aligncenter{width:100%;}.kadence-column891_78d5a9-95 > .kt-inside-inner-col:before{opacity:0.3;}.kadence-column891_78d5a9-95{position:relative;}@media all and (max-width: 1024px){.kadence-column891_78d5a9-95 > .kt-inside-inner-col{flex-direction:column;}}@media all and (max-width: 767px){.kadence-column891_78d5a9-95 > .kt-inside-inner-col{flex-direction:column;}}<\/style>\n<div class=\"wp-block-kadence-column kadence-column891_78d5a9-95\"><div class=\"kt-inside-inner-col\"><style>.kb-gallery-id-891_5fc82a-09 .kadence-blocks-gallery-item .kb-gal-image-radius{border-radius:0px 0px 0px 0px;}@media all and (max-width: 767px){.wp-block-kadence-advancedgallery.kb-gallery-wrap-id-891_5fc82a-09{padding-right:var(--global-kb-spacing-xs, 1rem);padding-left:var(--global-kb-spacing-xs, 1rem);}}<\/style><div class=\"kb-gallery-wrap-id-891_5fc82a-09 alignnone wp-block-kadence-advancedgallery\"><div class=\"kb-gallery-ul kb-gallery-non-static kb-gallery-type-slider kb-gallery-id-891_5fc82a-09 kb-gallery-caption-style-bottom-hover kb-gallery-filter-none\" data-image-filter=\"none\" data-lightbox-caption=\"true\"><div class=\"kt-blocks-carousel kt-carousel-container-dotstyle-dark\"><div class=\"kt-blocks-carousel-init kb-blocks-slider kt-carousel-arrowstyle-none kt-carousel-dotstyle-dark\" data-slider-anim-speed=\"400\" data-slider-scroll=\"1\" data-slider-arrows=\"false\" data-slider-fade=\"true\" data-slider-dots=\"true\"data-slider-type=\"slider\"  data-slider-hover-pause=\"false\" data-slider-auto=\"1\" data-slider-speed=\"7000\"><div class=\"kb-slide-item kb-gallery-slide-item\"><div class=\"kadence-blocks-gallery-item\"><div class=\"kadence-blocks-gallery-item-inner\"><figure class=\"kb-gallery-figure kadence-blocks-gallery-item-hide-caption\" \"><div class=\"kb-gal-image-radius\"><div class=\"kb-gallery-image-contain kadence-blocks-gallery-intrinsic kb-gallery-image-ratio-square kb-has-image-ratio-square\" ><img loading=\"lazy\" decoding=\"async\" src=\"http:\/\/esimerkki.latodesign.fi\/wordpress\/wp-content\/uploads\/2024\/04\/Kerros1.jpg\" width=\"667\" height=\"889\" alt=\"\" data-full-image=\"http:\/\/esimerkki.latodesign.fi\/wordpress\/wp-content\/uploads\/2024\/04\/Kerros1.jpg\" data-light-image=\"http:\/\/esimerkki.latodesign.fi\/wordpress\/wp-content\/uploads\/2024\/04\/Kerros1.jpg\" data-id=\"896\" class=\"wp-image-896 skip-lazy\" srcset=\"http:\/\/esimerkki.latodesign.fi\/wordpress\/wp-content\/uploads\/2024\/04\/Kerros1.jpg 667w, http:\/\/esimerkki.latodesign.fi\/wordpress\/wp-content\/uploads\/2024\/04\/Kerros1-225x300.jpg 225w\" sizes=\"auto, (max-width: 667px) 100vw, 667px\" \/><\/div><\/div><\/figure><\/div><\/div><\/div><div class=\"kb-slide-item kb-gallery-slide-item\"><div class=\"kadence-blocks-gallery-item\"><div class=\"kadence-blocks-gallery-item-inner\"><figure class=\"kb-gallery-figure kadence-blocks-gallery-item-hide-caption\" \"><div class=\"kb-gal-image-radius\"><div class=\"kb-gallery-image-contain kadence-blocks-gallery-intrinsic kb-gallery-image-ratio-square kb-has-image-ratio-square\" ><img loading=\"lazy\" decoding=\"async\" src=\"http:\/\/esimerkki.latodesign.fi\/wordpress\/wp-content\/uploads\/2024\/04\/Kerros2.jpg\" width=\"667\" height=\"889\" alt=\"\" data-full-image=\"http:\/\/esimerkki.latodesign.fi\/wordpress\/wp-content\/uploads\/2024\/04\/Kerros2.jpg\" data-light-image=\"http:\/\/esimerkki.latodesign.fi\/wordpress\/wp-content\/uploads\/2024\/04\/Kerros2.jpg\" data-id=\"895\" class=\"wp-image-895 skip-lazy\" srcset=\"http:\/\/esimerkki.latodesign.fi\/wordpress\/wp-content\/uploads\/2024\/04\/Kerros2.jpg 667w, http:\/\/esimerkki.latodesign.fi\/wordpress\/wp-content\/uploads\/2024\/04\/Kerros2-225x300.jpg 225w\" sizes=\"auto, (max-width: 667px) 100vw, 667px\" \/><\/div><\/div><\/figure><\/div><\/div><\/div><div class=\"kb-slide-item kb-gallery-slide-item\"><div class=\"kadence-blocks-gallery-item\"><div class=\"kadence-blocks-gallery-item-inner\"><figure class=\"kb-gallery-figure kadence-blocks-gallery-item-hide-caption\" \"><div class=\"kb-gal-image-radius\"><div class=\"kb-gallery-image-contain kadence-blocks-gallery-intrinsic kb-gallery-image-ratio-square kb-has-image-ratio-square\" ><img loading=\"lazy\" decoding=\"async\" src=\"http:\/\/esimerkki.latodesign.fi\/wordpress\/wp-content\/uploads\/2024\/04\/Kerros3.jpg\" width=\"667\" height=\"889\" alt=\"\" data-full-image=\"http:\/\/esimerkki.latodesign.fi\/wordpress\/wp-content\/uploads\/2024\/04\/Kerros3.jpg\" data-light-image=\"http:\/\/esimerkki.latodesign.fi\/wordpress\/wp-content\/uploads\/2024\/04\/Kerros3.jpg\" data-id=\"894\" class=\"wp-image-894 skip-lazy\" srcset=\"http:\/\/esimerkki.latodesign.fi\/wordpress\/wp-content\/uploads\/2024\/04\/Kerros3.jpg 667w, http:\/\/esimerkki.latodesign.fi\/wordpress\/wp-content\/uploads\/2024\/04\/Kerros3-225x300.jpg 225w\" sizes=\"auto, (max-width: 667px) 100vw, 667px\" \/><\/div><\/div><\/figure><\/div><\/div><\/div><div class=\"kb-slide-item kb-gallery-slide-item\"><div class=\"kadence-blocks-gallery-item\"><div class=\"kadence-blocks-gallery-item-inner\"><figure class=\"kb-gallery-figure kadence-blocks-gallery-item-hide-caption\" \"><div class=\"kb-gal-image-radius\"><div class=\"kb-gallery-image-contain kadence-blocks-gallery-intrinsic kb-gallery-image-ratio-square kb-has-image-ratio-square\" ><img loading=\"lazy\" decoding=\"async\" src=\"http:\/\/esimerkki.latodesign.fi\/wordpress\/wp-content\/uploads\/2024\/04\/Kerros4.jpg\" width=\"667\" height=\"889\" alt=\"\" data-full-image=\"http:\/\/esimerkki.latodesign.fi\/wordpress\/wp-content\/uploads\/2024\/04\/Kerros4.jpg\" data-light-image=\"http:\/\/esimerkki.latodesign.fi\/wordpress\/wp-content\/uploads\/2024\/04\/Kerros4.jpg\" data-id=\"893\" class=\"wp-image-893 skip-lazy\" srcset=\"http:\/\/esimerkki.latodesign.fi\/wordpress\/wp-content\/uploads\/2024\/04\/Kerros4.jpg 667w, http:\/\/esimerkki.latodesign.fi\/wordpress\/wp-content\/uploads\/2024\/04\/Kerros4-225x300.jpg 225w\" sizes=\"auto, (max-width: 667px) 100vw, 667px\" \/><\/div><\/div><\/figure><\/div><\/div><\/div><div class=\"kb-slide-item kb-gallery-slide-item\"><div class=\"kadence-blocks-gallery-item\"><div class=\"kadence-blocks-gallery-item-inner\"><figure class=\"kb-gallery-figure kadence-blocks-gallery-item-hide-caption\" \"><div class=\"kb-gal-image-radius\"><div class=\"kb-gallery-image-contain kadence-blocks-gallery-intrinsic kb-gallery-image-ratio-square kb-has-image-ratio-square\" ><img loading=\"lazy\" decoding=\"async\" src=\"http:\/\/esimerkki.latodesign.fi\/wordpress\/wp-content\/uploads\/2024\/04\/Kerros5.jpg\" width=\"667\" height=\"889\" alt=\"\" data-full-image=\"http:\/\/esimerkki.latodesign.fi\/wordpress\/wp-content\/uploads\/2024\/04\/Kerros5.jpg\" data-light-image=\"http:\/\/esimerkki.latodesign.fi\/wordpress\/wp-content\/uploads\/2024\/04\/Kerros5.jpg\" data-id=\"892\" class=\"wp-image-892 skip-lazy\" srcset=\"http:\/\/esimerkki.latodesign.fi\/wordpress\/wp-content\/uploads\/2024\/04\/Kerros5.jpg 667w, http:\/\/esimerkki.latodesign.fi\/wordpress\/wp-content\/uploads\/2024\/04\/Kerros5-225x300.jpg 225w\" sizes=\"auto, (max-width: 667px) 100vw, 667px\" \/><\/div><\/div><\/figure><\/div><\/div><\/div><\/div><\/div><\/div><\/div><\/div><\/div>\n\n\n<style>.kadence-column891_61b69d-a6 > .kt-inside-inner-col{display:flex;}.kadence-column891_61b69d-a6 > .kt-inside-inner-col{padding-right:var(--global-kb-spacing-3xl, 6.5rem);padding-left:0px;}.kadence-column891_61b69d-a6 > .kt-inside-inner-col,.kadence-column891_61b69d-a6 > .kt-inside-inner-col:before{border-top-left-radius:0px;border-top-right-radius:0px;border-bottom-right-radius:0px;border-bottom-left-radius:0px;}.kadence-column891_61b69d-a6 > .kt-inside-inner-col{row-gap:var(--global-kb-gap-sm, 1rem);column-gap:var(--global-kb-gap-sm, 1rem);}.kadence-column891_61b69d-a6 > .kt-inside-inner-col{flex-direction:column;}.kadence-column891_61b69d-a6 > .kt-inside-inner-col > .aligncenter{width:100%;}.kadence-column891_61b69d-a6 > .kt-inside-inner-col:before{opacity:0.3;}.kadence-column891_61b69d-a6{position:relative;}@media all and (max-width: 1024px){.kadence-column891_61b69d-a6 > .kt-inside-inner-col{padding-top:0px;padding-bottom:var(--global-kb-spacing-lg, 3rem);flex-direction:row;flex-wrap:wrap;justify-content:center;}}@media all and (min-width: 768px) and (max-width: 1024px){.kadence-column891_61b69d-a6 > .kt-inside-inner-col > *, .kadence-column891_61b69d-a6 > .kt-inside-inner-col > figure.wp-block-image, .kadence-column891_61b69d-a6 > .kt-inside-inner-col > figure.wp-block-kadence-image{margin-top:0px;margin-bottom:0px;}.kadence-column891_61b69d-a6 > .kt-inside-inner-col > .kb-image-is-ratio-size{flex-grow:1;}}@media all and (max-width: 767px){.kadence-column891_61b69d-a6 > .kt-inside-inner-col{padding-right:var(--global-kb-spacing-sm, 1.5rem);padding-left:var(--global-kb-spacing-sm, 1.5rem);flex-direction:row;flex-wrap:wrap;justify-content:center;}.kadence-column891_61b69d-a6 > .kt-inside-inner-col > *, .kadence-column891_61b69d-a6 > .kt-inside-inner-col > figure.wp-block-image, .kadence-column891_61b69d-a6 > .kt-inside-inner-col > figure.wp-block-kadence-image{margin-top:0px;margin-bottom:0px;}.kadence-column891_61b69d-a6 > .kt-inside-inner-col > .kb-image-is-ratio-size{flex-grow:1;}}<\/style>\n<div class=\"wp-block-kadence-column kadence-column891_61b69d-a6 kb-section-dir-vertical kb-section-md-dir-horizontal\"><div class=\"kt-inside-inner-col\"><style>.wp-block-kadence-advancedheading.kt-adv-heading891_0b7f98-90, .wp-block-kadence-advancedheading.kt-adv-heading891_0b7f98-90[data-kb-block=\"kb-adv-heading891_0b7f98-90\"]{padding-top:0px;margin-top:var(--global-kb-spacing-sm, 1.5rem);text-align:left;font-size:var(--global-kb-font-size-xl, 3rem);line-height:1.2;font-style:normal;}.wp-block-kadence-advancedheading.kt-adv-heading891_0b7f98-90 mark, .wp-block-kadence-advancedheading.kt-adv-heading891_0b7f98-90[data-kb-block=\"kb-adv-heading891_0b7f98-90\"] mark{font-style:normal;color:#f76a0c;padding-top:0px;padding-right:0px;padding-bottom:0px;padding-left:0px;}<\/style>\n<h2 class=\"kt-adv-heading891_0b7f98-90 wp-block-kadence-advancedheading has-theme-palette-1-color has-text-color\" data-kb-block=\"kb-adv-heading891_0b7f98-90\">Kerrostalo\/ Remontti\/Helsinki<\/h2>\n\n\n<style>.wp-block-kadence-advancedheading.kt-adv-heading891_8c4c85-fe, .wp-block-kadence-advancedheading.kt-adv-heading891_8c4c85-fe[data-kb-block=\"kb-adv-heading891_8c4c85-fe\"]{display:block;padding-bottom:0px;margin-bottom:0px;text-align:left;font-style:normal;text-transform:uppercase;}.wp-block-kadence-advancedheading.kt-adv-heading891_8c4c85-fe mark, .wp-block-kadence-advancedheading.kt-adv-heading891_8c4c85-fe[data-kb-block=\"kb-adv-heading891_8c4c85-fe\"] mark{font-style:normal;color:#f76a0c;padding-top:0px;padding-right:0px;padding-bottom:0px;padding-left:0px;}<\/style>\n<span class=\"kt-adv-heading891_8c4c85-fe wp-block-kadence-advancedheading has-theme-palette-3-color has-text-color\" data-kb-block=\"kb-adv-heading891_8c4c85-fe\">kohde: Kerrostalo\/ Remontti\/Helsinki v.2023<br><\/span>\n\n\n<style>.wp-block-kadence-advancedheading.kt-adv-heading891_5b3219-ae, .wp-block-kadence-advancedheading.kt-adv-heading891_5b3219-ae[data-kb-block=\"kb-adv-heading891_5b3219-ae\"]{text-align:left;font-style:normal;}.wp-block-kadence-advancedheading.kt-adv-heading891_5b3219-ae mark, .wp-block-kadence-advancedheading.kt-adv-heading891_5b3219-ae[data-kb-block=\"kb-adv-heading891_5b3219-ae\"] mark{font-style:normal;color:#f76a0c;padding-top:0px;padding-right:0px;padding-bottom:0px;padding-left:0px;}<\/style>\n<p class=\"kt-adv-heading891_5b3219-ae wp-block-kadence-advancedheading has-theme-palette-3-color has-text-color\" data-kb-block=\"kb-adv-heading891_5b3219-ae\">Kerrostaloremontissamme teimme merkitt\u00e4vi\u00e4 parannuksia asukkaiden mukavuuden ja turvallisuuden varmistamiseksi. Ensinn\u00e4kin, p\u00e4ivitimme s\u00e4hk\u00f6j\u00e4rjestelm\u00e4n uusilla ratkaisuilla. Vanhat s\u00e4hk\u00f6johdot ja pistorasiat vaihdettiin nykyaikaisiin ja turvallisiin vaihtoehtoihin. T\u00e4m\u00e4 paransi huomattavasti s\u00e4hk\u00f6njakelua ja v\u00e4hensi mahdollisia s\u00e4hk\u00f6ongelmia.<br><br>Maalauspuoli oli my\u00f6s osa huolellista remonttiamme. Uudet v\u00e4rit ja huolellisesti valitut maalipinnat toivat raikkaan ilmeen ja viihtyisyytt\u00e4 jokaiseen tilaan.<br><br><\/p>\n<\/div><\/div>\n\n<\/div><\/div>","protected":false},"excerpt":{"rendered":"<p>Kerrostalo\/ Remontti\/Helsinki kohde: Kerrostalo\/ Remontti\/Helsinki v.2023 Kerrostaloremontissamme teimme merkitt\u00e4vi\u00e4 parannuksia asukkaiden mukavuuden ja turvallisuuden varmistamiseksi. Ensinn\u00e4kin, p\u00e4ivitimme s\u00e4hk\u00f6j\u00e4rjestelm\u00e4n uusilla ratkaisuilla. Vanhat s\u00e4hk\u00f6johdot ja pistorasiat vaihdettiin nykyaikaisiin ja turvallisiin vaihtoehtoihin. T\u00e4m\u00e4 paransi huomattavasti s\u00e4hk\u00f6njakelua ja v\u00e4hensi mahdollisia s\u00e4hk\u00f6ongelmia. Maalauspuoli oli my\u00f6s osa huolellista remonttiamme. Uudet v\u00e4rit ja huolellisesti valitut maalipinnat toivat raikkaan ilmeen ja viihtyisyytt\u00e4 jokaiseen&#8230;<\/p>\n","protected":false},"author":1,"featured_media":0,"parent":0,"menu_order":0,"comment_status":"closed","ping_status":"closed","template":"","meta":{"_kadence_starter_templates_imported_post":false,"_kad_post_transparent":"disable","_kad_post_title":"hide","_kad_post_layout":"","_kad_post_sidebar_id":"","_kad_post_content_style":"","_kad_post_vertical_padding":"","_kad_post_feature":"","_kad_post_feature_position":"","_kad_post_header":false,"_kad_post_footer":false,"footnotes":""},"class_list":["post-891","page","type-page","status-publish","hentry"],"_links":{"self":[{"href":"http:\/\/esimerkki.latodesign.fi\/wordpress\/wp-json\/wp\/v2\/pages\/891","targetHints":{"allow":["GET"]}}],"collection":[{"href":"http:\/\/esimerkki.latodesign.fi\/wordpress\/wp-json\/wp\/v2\/pages"}],"about":[{"href":"http:\/\/esimerkki.latodesign.fi\/wordpress\/wp-json\/wp\/v2\/types\/page"}],"author":[{"embeddable":true,"href":"http:\/\/esimerkki.latodesign.fi\/wordpress\/wp-json\/wp\/v2\/users\/1"}],"replies":[{"embeddable":true,"href":"http:\/\/esimerkki.latodesign.fi\/wordpress\/wp-json\/wp\/v2\/comments?post=891"}],"version-history":[{"count":2,"href":"http:\/\/esimerkki.latodesign.fi\/wordpress\/wp-json\/wp\/v2\/pages\/891\/revisions"}],"predecessor-version":[{"id":1089,"href":"http:\/\/esimerkki.latodesign.fi\/wordpress\/wp-json\/wp\/v2\/pages\/891\/revisions\/1089"}],"wp:attachment":[{"href":"http:\/\/esimerkki.latodesign.fi\/wordpress\/wp-json\/wp\/v2\/media?parent=891"}],"curies":[{"name":"wp","href":"https:\/\/api.w.org\/{rel}","templated":true}]}}