{"id":856,"date":"2024-04-12T10:11:10","date_gmt":"2024-04-12T10:11:10","guid":{"rendered":"http:\/\/esimerkki.latodesign.fi\/wordpress\/?page_id=856"},"modified":"2024-04-15T00:12:51","modified_gmt":"2024-04-15T00:12:51","slug":"myymalaremontti","status":"publish","type":"page","link":"http:\/\/esimerkki.latodesign.fi\/wordpress\/myymalaremontti\/","title":{"rendered":"myymalaremontti"},"content":{"rendered":"<style>.kb-row-layout-wrap.wp-block-kadence-rowlayout.kb-row-layout-id856_9098a7-7f{margin-top:0px;margin-bottom:0px;}.kb-row-layout-id856_9098a7-7f > .kt-row-column-wrap{align-content:center;}:where(.kb-row-layout-id856_9098a7-7f > .kt-row-column-wrap) > .wp-block-kadence-column{justify-content:center;}.kb-row-layout-id856_9098a7-7f > .kt-row-column-wrap{column-gap:var(--global-kb-gap-lg, 4rem);row-gap:var(--global-kb-gap-md, 2rem);padding-top:var(--global-kb-spacing-xl, 4rem);padding-right:var(--global-kb-spacing-lg, 3rem);padding-left:var(--global-kb-spacing-lg, 3rem);grid-template-columns:repeat(2, minmax(0, 1fr));}.kb-row-layout-id856_9098a7-7f > .kt-row-layout-overlay{opacity:0.30;}@media all and (max-width: 1024px){.kb-row-layout-id856_9098a7-7f > .kt-row-column-wrap{padding-right:0px;padding-left:0px;grid-template-columns:minmax(0, 1fr);}}@media all and (max-width: 767px){.kb-row-layout-id856_9098a7-7f > .kt-row-column-wrap{padding-top:var(--global-kb-spacing-xs, 1rem);grid-template-columns:minmax(0, 1fr);}}<\/style><div class=\"kb-row-layout-wrap kb-row-layout-id856_9098a7-7f alignfull has-theme-palette9-background-color kt-row-has-bg wp-block-kadence-rowlayout\"><div class=\"kt-row-column-wrap kt-has-2-columns kt-row-layout-equal kt-tab-layout-row kt-mobile-layout-row kt-row-valign-middle\">\n<style>.kadence-column856_abaf0c-b9 > .kt-inside-inner-col,.kadence-column856_abaf0c-b9 > .kt-inside-inner-col:before{border-top-left-radius:0px;border-top-right-radius:0px;border-bottom-right-radius:0px;border-bottom-left-radius:0px;}.kadence-column856_abaf0c-b9 > .kt-inside-inner-col{column-gap:var(--global-kb-gap-sm, 1rem);}.kadence-column856_abaf0c-b9 > .kt-inside-inner-col{flex-direction:column;}.kadence-column856_abaf0c-b9 > .kt-inside-inner-col > .aligncenter{width:100%;}.kadence-column856_abaf0c-b9 > .kt-inside-inner-col:before{opacity:0.3;}.kadence-column856_abaf0c-b9{position:relative;}@media all and (max-width: 1024px){.kadence-column856_abaf0c-b9 > .kt-inside-inner-col{flex-direction:column;}}@media all and (max-width: 767px){.kadence-column856_abaf0c-b9 > .kt-inside-inner-col{flex-direction:column;}}<\/style>\n<div class=\"wp-block-kadence-column kadence-column856_abaf0c-b9\"><div class=\"kt-inside-inner-col\"><style>.kb-gallery-id-856_f97208-6c .kadence-blocks-gallery-item .kb-gal-image-radius{border-radius:0px 0px 0px 0px;}@media all and (max-width: 767px){.wp-block-kadence-advancedgallery.kb-gallery-wrap-id-856_f97208-6c{padding-right:var(--global-kb-spacing-xs, 1rem);padding-left:var(--global-kb-spacing-xs, 1rem);}}<\/style><div class=\"kb-gallery-wrap-id-856_f97208-6c alignnone wp-block-kadence-advancedgallery\"><div class=\"kb-gallery-ul kb-gallery-non-static kb-gallery-type-slider kb-gallery-id-856_f97208-6c kb-gallery-caption-style-bottom-hover kb-gallery-filter-none\" data-image-filter=\"none\" data-lightbox-caption=\"true\"><div class=\"kt-blocks-carousel kt-carousel-container-dotstyle-dark\"><div class=\"kt-blocks-carousel-init kb-blocks-slider kt-carousel-arrowstyle-none kt-carousel-dotstyle-dark\" data-slider-anim-speed=\"400\" data-slider-scroll=\"1\" data-slider-arrows=\"false\" data-slider-fade=\"true\" data-slider-dots=\"true\"data-slider-type=\"slider\"  data-slider-hover-pause=\"false\" data-slider-auto=\"1\" data-slider-speed=\"7000\"><div class=\"kb-slide-item kb-gallery-slide-item\"><div class=\"kadence-blocks-gallery-item\"><div class=\"kadence-blocks-gallery-item-inner\"><figure class=\"kb-gallery-figure kadence-blocks-gallery-item-hide-caption\" \"><div class=\"kb-gal-image-radius\"><div class=\"kb-gallery-image-contain kadence-blocks-gallery-intrinsic kb-gallery-image-ratio-square kb-has-image-ratio-square\" ><img loading=\"lazy\" decoding=\"async\" src=\"http:\/\/esimerkki.latodesign.fi\/wordpress\/wp-content\/uploads\/2024\/04\/Myymalaremontti1_nv0QAp5-1024x768.jpg\" width=\"1024\" height=\"768\" alt=\"\" data-full-image=\"http:\/\/esimerkki.latodesign.fi\/wordpress\/wp-content\/uploads\/2024\/04\/Myymalaremontti1_nv0QAp5.jpg\" data-light-image=\"http:\/\/esimerkki.latodesign.fi\/wordpress\/wp-content\/uploads\/2024\/04\/Myymalaremontti1_nv0QAp5.jpg\" data-id=\"857\" class=\"wp-image-857 skip-lazy\" srcset=\"http:\/\/esimerkki.latodesign.fi\/wordpress\/wp-content\/uploads\/2024\/04\/Myymalaremontti1_nv0QAp5-1024x768.jpg 1024w, http:\/\/esimerkki.latodesign.fi\/wordpress\/wp-content\/uploads\/2024\/04\/Myymalaremontti1_nv0QAp5-300x225.jpg 300w, http:\/\/esimerkki.latodesign.fi\/wordpress\/wp-content\/uploads\/2024\/04\/Myymalaremontti1_nv0QAp5-768x576.jpg 768w, http:\/\/esimerkki.latodesign.fi\/wordpress\/wp-content\/uploads\/2024\/04\/Myymalaremontti1_nv0QAp5.jpg 1185w\" sizes=\"auto, (max-width: 1024px) 100vw, 1024px\" \/><\/div><\/div><\/figure><\/div><\/div><\/div><\/div><\/div><\/div><\/div><\/div><\/div>\n\n\n<style>.kadence-column856_694ddc-a8 > .kt-inside-inner-col{display:flex;}.kadence-column856_694ddc-a8 > .kt-inside-inner-col{padding-right:var(--global-kb-spacing-3xl, 6.5rem);padding-left:0px;}.kadence-column856_694ddc-a8 > .kt-inside-inner-col,.kadence-column856_694ddc-a8 > .kt-inside-inner-col:before{border-top-left-radius:0px;border-top-right-radius:0px;border-bottom-right-radius:0px;border-bottom-left-radius:0px;}.kadence-column856_694ddc-a8 > .kt-inside-inner-col{row-gap:var(--global-kb-gap-sm, 1rem);column-gap:var(--global-kb-gap-sm, 1rem);}.kadence-column856_694ddc-a8 > .kt-inside-inner-col{flex-direction:column;}.kadence-column856_694ddc-a8 > .kt-inside-inner-col > .aligncenter{width:100%;}.kadence-column856_694ddc-a8 > .kt-inside-inner-col:before{opacity:0.3;}.kadence-column856_694ddc-a8{position:relative;}@media all and (max-width: 1024px){.kadence-column856_694ddc-a8 > .kt-inside-inner-col{padding-top:0px;padding-bottom:var(--global-kb-spacing-lg, 3rem);flex-direction:row;flex-wrap:wrap;justify-content:center;}}@media all and (min-width: 768px) and (max-width: 1024px){.kadence-column856_694ddc-a8 > .kt-inside-inner-col > *, .kadence-column856_694ddc-a8 > .kt-inside-inner-col > figure.wp-block-image, .kadence-column856_694ddc-a8 > .kt-inside-inner-col > figure.wp-block-kadence-image{margin-top:0px;margin-bottom:0px;}.kadence-column856_694ddc-a8 > .kt-inside-inner-col > .kb-image-is-ratio-size{flex-grow:1;}}@media all and (max-width: 767px){.kadence-column856_694ddc-a8 > .kt-inside-inner-col{padding-right:var(--global-kb-spacing-sm, 1.5rem);padding-left:var(--global-kb-spacing-sm, 1.5rem);flex-direction:row;flex-wrap:wrap;justify-content:center;}.kadence-column856_694ddc-a8 > .kt-inside-inner-col > *, .kadence-column856_694ddc-a8 > .kt-inside-inner-col > figure.wp-block-image, .kadence-column856_694ddc-a8 > .kt-inside-inner-col > figure.wp-block-kadence-image{margin-top:0px;margin-bottom:0px;}.kadence-column856_694ddc-a8 > .kt-inside-inner-col > .kb-image-is-ratio-size{flex-grow:1;}}<\/style>\n<div class=\"wp-block-kadence-column kadence-column856_694ddc-a8 kb-section-dir-vertical kb-section-md-dir-horizontal\"><div class=\"kt-inside-inner-col\"><style>.wp-block-kadence-advancedheading.kt-adv-heading856_811d9c-e1, .wp-block-kadence-advancedheading.kt-adv-heading856_811d9c-e1[data-kb-block=\"kb-adv-heading856_811d9c-e1\"]{padding-top:0px;margin-top:var(--global-kb-spacing-sm, 1.5rem);text-align:left;font-size:var(--global-kb-font-size-xl, 3rem);line-height:1.2;font-style:normal;}.wp-block-kadence-advancedheading.kt-adv-heading856_811d9c-e1 mark, .wp-block-kadence-advancedheading.kt-adv-heading856_811d9c-e1[data-kb-block=\"kb-adv-heading856_811d9c-e1\"] mark{font-style:normal;color:#f76a0c;padding-top:0px;padding-right:0px;padding-bottom:0px;padding-left:0px;}<\/style>\n<h2 class=\"kt-adv-heading856_811d9c-e1 wp-block-kadence-advancedheading has-theme-palette-1-color has-text-color\" data-kb-block=\"kb-adv-heading856_811d9c-e1\">Myym\u00e4l\u00e4remontti \/ purku- ja v\u00e4lisein\u00e4 ty\u00f6t<\/h2>\n\n\n<style>.wp-block-kadence-advancedheading.kt-adv-heading856_c51a88-08, .wp-block-kadence-advancedheading.kt-adv-heading856_c51a88-08[data-kb-block=\"kb-adv-heading856_c51a88-08\"]{display:block;padding-bottom:0px;margin-bottom:0px;text-align:left;font-style:normal;text-transform:uppercase;}.wp-block-kadence-advancedheading.kt-adv-heading856_c51a88-08 mark, .wp-block-kadence-advancedheading.kt-adv-heading856_c51a88-08[data-kb-block=\"kb-adv-heading856_c51a88-08\"] mark{font-style:normal;color:#f76a0c;padding-top:0px;padding-right:0px;padding-bottom:0px;padding-left:0px;}<\/style>\n<span class=\"kt-adv-heading856_c51a88-08 wp-block-kadence-advancedheading has-theme-palette-3-color has-text-color\" data-kb-block=\"kb-adv-heading856_c51a88-08\">Yhteisty\u00f6ss\u00e4: Rakennusliike Tekson Oy \/ Landervibe Oy<br><\/span>\n\n\n<style>.wp-block-kadence-advancedheading.kt-adv-heading856_19d8ff-7f, .wp-block-kadence-advancedheading.kt-adv-heading856_19d8ff-7f[data-kb-block=\"kb-adv-heading856_19d8ff-7f\"]{text-align:left;font-style:normal;}.wp-block-kadence-advancedheading.kt-adv-heading856_19d8ff-7f mark, .wp-block-kadence-advancedheading.kt-adv-heading856_19d8ff-7f[data-kb-block=\"kb-adv-heading856_19d8ff-7f\"] mark{font-style:normal;color:#f76a0c;padding-top:0px;padding-right:0px;padding-bottom:0px;padding-left:0px;}<\/style>\n<p class=\"kt-adv-heading856_19d8ff-7f wp-block-kadence-advancedheading has-theme-palette-3-color has-text-color\" data-kb-block=\"kb-adv-heading856_19d8ff-7f\">Tarvitsetko luotettavaa ja ammattitaitoista urakoitsijaa purku- ja v\u00e4lisein\u00e4t\u00f6ihin Klaukkalassa? Meid\u00e4n tiimimme on erikoistunut tarjoamaan kattavia remonttipalveluita, jotka sis\u00e4lt\u00e4v\u00e4t purkut\u00f6it\u00e4 sek\u00e4 uusien v\u00e4liseinien rakentamista tai olemassa olevien v\u00e4liseinien muokkausta.<br><br>Purku- ja v\u00e4lisein\u00e4ty\u00f6t ovat olennainen osa monia remontteja, oli kyse sitten kodista, liiketilasta tai toimistosta. Ammattitaitoiset urakoitsijamme k\u00e4ytt\u00e4v\u00e4t asianmukaisia ty\u00f6v\u00e4lineit\u00e4 ja menetelmi\u00e4 varmistaakseen turvallisen ja tehokkaan purkuprosessin.<br><br>Uusien v\u00e4liseinien rakentamisessa tai olemassa olevien v\u00e4liseinien muokkauksessa tavoitteenamme on luoda toimiva ja esteettisesti miellytt\u00e4v\u00e4 tila. K\u00e4yt\u00e4mme korkealaatuisia materiaaleja ja toteutamme ty\u00f6n huolellisesti varmistaaksemme kest\u00e4v\u00e4t ja tyylikk\u00e4\u00e4t v\u00e4lisein\u00e4ratkaisut.<br><br>Hakusanat: purku- ja v\u00e4lisein\u00e4ty\u00f6t Klaukkala, ammattitaitoiset remonttipalvelut, turvallinen purkuty\u00f6, v\u00e4liseinien rakentaminen, v\u00e4liseinien muokkaus, luotettava urakoitsija.<\/p>\n<\/div><\/div>\n\n<\/div><\/div>","protected":false},"excerpt":{"rendered":"<p>Myym\u00e4l\u00e4remontti \/ purku- ja v\u00e4lisein\u00e4 ty\u00f6t Yhteisty\u00f6ss\u00e4: Rakennusliike Tekson Oy \/ Landervibe Oy Tarvitsetko luotettavaa ja ammattitaitoista urakoitsijaa purku- ja v\u00e4lisein\u00e4t\u00f6ihin Klaukkalassa? Meid\u00e4n tiimimme on erikoistunut tarjoamaan kattavia remonttipalveluita, jotka sis\u00e4lt\u00e4v\u00e4t purkut\u00f6it\u00e4 sek\u00e4 uusien v\u00e4liseinien rakentamista tai olemassa olevien v\u00e4liseinien muokkausta. Purku- ja v\u00e4lisein\u00e4ty\u00f6t ovat olennainen osa monia remontteja, oli kyse sitten kodista, liiketilasta tai&#8230;<\/p>\n","protected":false},"author":1,"featured_media":0,"parent":0,"menu_order":0,"comment_status":"closed","ping_status":"closed","template":"","meta":{"_kadence_starter_templates_imported_post":false,"_kad_post_transparent":"disable","_kad_post_title":"hide","_kad_post_layout":"","_kad_post_sidebar_id":"","_kad_post_content_style":"","_kad_post_vertical_padding":"","_kad_post_feature":"","_kad_post_feature_position":"","_kad_post_header":false,"_kad_post_footer":false,"footnotes":""},"class_list":["post-856","page","type-page","status-publish","hentry"],"_links":{"self":[{"href":"http:\/\/esimerkki.latodesign.fi\/wordpress\/wp-json\/wp\/v2\/pages\/856","targetHints":{"allow":["GET"]}}],"collection":[{"href":"http:\/\/esimerkki.latodesign.fi\/wordpress\/wp-json\/wp\/v2\/pages"}],"about":[{"href":"http:\/\/esimerkki.latodesign.fi\/wordpress\/wp-json\/wp\/v2\/types\/page"}],"author":[{"embeddable":true,"href":"http:\/\/esimerkki.latodesign.fi\/wordpress\/wp-json\/wp\/v2\/users\/1"}],"replies":[{"embeddable":true,"href":"http:\/\/esimerkki.latodesign.fi\/wordpress\/wp-json\/wp\/v2\/comments?post=856"}],"version-history":[{"count":2,"href":"http:\/\/esimerkki.latodesign.fi\/wordpress\/wp-json\/wp\/v2\/pages\/856\/revisions"}],"predecessor-version":[{"id":1091,"href":"http:\/\/esimerkki.latodesign.fi\/wordpress\/wp-json\/wp\/v2\/pages\/856\/revisions\/1091"}],"wp:attachment":[{"href":"http:\/\/esimerkki.latodesign.fi\/wordpress\/wp-json\/wp\/v2\/media?parent=856"}],"curies":[{"name":"wp","href":"https:\/\/api.w.org\/{rel}","templated":true}]}}